9*q**2 - q + 2. Determine j(1).
-58
Let n(j) = -2*j**3 + j**2 - 1. What is n(1)?
-2
Let p(w) = -w**3 + 2*w + 4. Give p(3).
-17
Let u(k) = 4*k**2 - 6*k - 4. Determine u(-1).
6
Let a(d) = -d**2 - 11*d + 32. Calculate a(-13).
6
Let m(w) = -4*w - 3. Determine m(4).
-19
Let x(l) = -3*l**2 - 5*l + 5. Give x(1).
-3
Let m(f) = f**3 - 5*f**2 - f + 5. Determine m(5).
0
Let t(f) = f**2 - 11*f + 19. Determine t(14).
61
Let u(m) = m - 18. What is u(5)?
-13
Let q(l) = l**3 + 7*l**2 + 2*l + 10. What is q(-7)?
-4
Let g(n) = -n**3 - 18*n**2 + 64*n + 17. Calculate g(-21).
-4
Let a(j) = j**2 - 7*j + 2. Determine a(6).
-4
Let w(p) = -2*p - 24. Calculate w(-12).
0
Let y(k) = -5*k - 4. What is y(-6)?
26
Let p(v) = v**2 - 10*v - 18. What is p(11)?
-7
Let t(o) = -2*o**2 - 2*o + 3. What is t(2)?
-9
Let u(x) = -3*x - 39. Calculate u(-21).
24
Let g(k) = 4*k**3 - k**2 - 1. Give g(2).
27
Let o(s) = s + 7. Give o(5).
12
Let i(f) = 12*f + 236. Give i(-20).
-4
Let v(g) = 5*g + 42. Determine v(-12).
-18
Let q(s) = 2*s**2 - 15*s - 13. Determine q(-1).
4
Let d(f) = -f**3 + 21*f**2 + 4*f - 79. Determine d(21).
5
Let x(r) = r**2 + 4*r - 10. Determine x(-7).
11
Let d(y) = -y**3 - 2*y**2 + 7*y - 7. What is d(2)?
-9
Let a(p) = 11*p - 440. Give a(40).
0
Let h(k) = -6*k**3 + k**2. What is h(1)?
-5
Let l(v) = v**3 - 8*v**2 + 2*v - 14. Determine l(8).
2
Let f(z) = 16*z - 7. Give f(0).
-7
Let y(t) = 2*t + 32. Give y(-13).
6
Let z(u) = -2*u**2 - 13*u + 32. Determine z(-8).
8
Let r(a) = a**3 + 9*a**2 + 9*a + 4. What is r(-7)?
39
Let d(o) = -o**2 + 3*o + 2. What is d(4)?
-2
Let d(t) = t**2 - 18*t + 13. Give d(14).
-43
Let h(r) = -5*r**2 - 63*r - 36. Calculate h(-12).
0
Let g(w) = 5*w - 3. Give g(5).
22
Let x(y) = y**3 - 15*y**2 - 39*y + 66. Determine x(17).
-19
Let a(c) = -c**3 + 7*c**2 + 6*c - 9. Calculate a(7).
33
Let b(f) = 2*f**3 + 14*f**2 + 2*f - 10. Calculate b(-7).
-24
Let u(y) = 2*y**2 + y + 4. What is u(3)?
25
Let z(i) = -i**3 - 17*i**2 + 86*i + 47. What is z(-21)?
5
Let l(z) = -z**2 - 3*z - 19. Calculate l(-3).
-19
Let f(d) = -3*d - 17. Calculate f(-8).
7
Let a(p) = p**3 - 4*p**2 + 6*p - 5. What is a(4)?
19
Let j(d) = d**3 - 17*d**2 - 2*d + 28. What is j(17)?
-6
Let r(n) = -2*n**2 + 2*n + 2. Calculate r(-2).
-10
Let s(u) = u**3 + 14*u**2 + 25*u + 17. What is s(-12)?
5
Let b(w) = -w**3 - 6*w**2 - 27*w - 110. What is b(-5)?
0
Let k(p) = 4*p**2 + 16*p + 53. What is k(-4)?
53
Let r(q) = 44*q + 1. What is r(-1)?
-43
Let s(t) = 8*t**2 + 9*t + 18. Calculate s(-4).
110
Let s(n) = -n**2 + 24*n - 27. Give s(23).
-4
Let d(l) = l**3 + 32*l**2 - 7. Determine d(-32).
-7
Let y(j) = j**2 - 21*j + 57. Determine y(17).
-11
Let q(a) = 2*a**3 + 7*a**2 - a + 7. Determine q(-4).
-5
Let n(a) = -5*a**2 - 12*a + 10. Calculate n(1).
-7
Let j(s) = -s**3 - 26*s**2 - 22*s + 65. What is j(-25)?
-10
Let j(m) = -2*m**2 - 66*m + 57. What is j(-34)?
-11
Let m(x) = x**3 - x**2 - 4*x + 7. Calculate m(3).
13
Let u(d) = -d**2 - 22*d - 56. Determine u(-19).
1
Let u(m) = -2*m**2 - 5*m - 3. What is u(-4)?
-15
Let i(z) = z**2 - 5*z - 15. Determine i(7).
-1
Let g(p) = p**2 - 3*p - 29. Give g(-6).
25
Let q(n) = 2*n + 2. Give q(5).
12
Let h(k) = 17*k - 21. Calculate h(0).
-21
Let k(b) = 24*b - 268. Determine k(11).
-4
Let z(d) = -2*d**3 - 8*d**2 + d + 12. What is z(-4)?
8
Let z(k) = -k**3 + 16*k**2 - 16*k + 7. Calculate z(15).
-8
Let d(l) = -4*l - 27. Give d(-9).
9
Let o(p) = -p**3 - 6*p**2 + 9*p + 24. Give o(-7).
10
Let k(d) = d**3 - 10*d**2 + 9*d - 2. Determine k(9).
-2
Let k(r) = -2*r**2 - 29*r + 3. Calculate k(-13).
42
Let a(r) = -r**3 + 2*r**2 - r - 3. What is a(0)?
-3
Let i(k) = 2*k - 11. Determine i(0).
-11
Let d(y) = -y**2 - 6*y - 1. Determine d(-5).
4
Let u(d) = -39*d + 504. Give u(13).
-3
Let a(k) = 20*k - 93. What is a(5)?
7
Let p(w) = -w**3 - 8*w**2 - w - 12. Determine p(-8).
-4
Let s(g) = -g**3 - 6*g**2 + 2*g + 8. What is s(-7)?
43
Let w(c) = -c + 10. Calculate w(1).
9
Let d(c) = -c - 1. What is d(9)?
-10
Let w(q) = q**3 - 11*q**2 + 11*q - 1. Calculate w(10).
9
Let l(a) = -16*a + 2. What is l(-2)?
34
Let k(t) = 4*t - 3. Determine k(14).
53
Let u(w) = w**2 - 6*w + 4. Give u(3).
-5
Let x(l) = -l - 2. What is x(0)?
-2
Let v(f) = -2*f**2 + 3*f + 1. Determine v(2).
-1
Let w(i) = -15*i + 11. What is w(-1)?
26
Let u(h) = -h**2 + 11*h + 28. What is u(-3)?
-14
Let m(g) = 2*g**2 - 4*g - 9. What is m(-4)?
39
Let r(s) = s**3 - 17*s**2 + 14*s + 24. What is r(16)?
-8
Let h(q) = -q**2 + q + 31. Give h(-6).
-11
Let d(f) = f + 13. Calculate d(-8).
5
Let x(o) = -o**3 - 8*o**2 - 6*o - 9. Give x(-6).
-45
Let i(w) = 3*w**2 - 11*w - 1. Determine i(3).
-7
Let d(q) = -11*q**2 - 4*q - 2. What is d(-1)?
-9
Let s(k) = -k**3 - 3*k**2 + 2*k + 2. Determine s(3).
-46
Let q(n) = 3*n - 13. Give q(7).
8
Let p(b) = -b**2 + 12*b + 11. What is p(11)?
22
Let b(d) = -3*d**2 - 15*d - 19. Give b(-3).
-1
Let w(d) = d**2 - 16*d + 19. What is w(14)?
-9
Let i(r) = r**2 - 8*r - 27. Determine i(11).
6
Let b(i) = 60*i**2 + i + 2. Determine b(-1).
61
Let k(r) = 105*r**2 + 2*r + 2. Determine k(-1).
105
Let x(u) = 48*u + 389. What is x(-8)?
5
Let h(c) = 3*c**2 - 7*c + 10. Calculate h(7).
108
Let m(t) = -t + 20. Determine m(6).
14
Let g(y) = 4*y - 73. Give g(19).
3
Let j(u) = u - 14. Give j(19).
5
Let v(a) = -3*a**2 - a - 2. Calculate v(1).
-6
Let s(z) = z**2 + 5*z - 12. Give s(-7).
2
Let a(u) = u + 4. What is a(-9)?
-5
Let b(p) = -2*p + 6. Calculate b(5).
-4
Let p(x) = 15*x**2. What is p(-1)?
15
Let o(c) = -4*c - 9. Determine o(-4).
7
Let l(g) = -g**2 + 2*g - 2. Determine l(-5).
-37
Let u(g) = 2*g**2 + 27*g + 51. What is u(-11)?
-4
Let c(t) = -t**2 + 51*t - 269. What is c(45)?
1
Let y(l) = -5*l + 10. Give y(2).
0
Let t(v) = -39*v - 297. Give t(-8).
15
Let q(l) = l**3 - l**2 - l + 2. Give q(-2).
-8
Let m(j) = 4*j - 32. Determine m(9).
4
Let o(v) = -v**3 - 16*v**2 + 15*v - 26. Calculate o(-17).
8
Let w(z) = -z + 14. What is w(9)?
5
Let p(h) = -45*h**2 - 4*h - 3. Determine p(-1).
-44
Let j(c) = -2*c**3 + 23*c**2 - 18*c + 80. Give j(11).
3
Let j(d) = d**3 + 2*d**2 - d - 2. Calculate j(1).
0
Let h(k) = k**2 + 3*k - 94. Calculate h(-9).
-40
Let t(y) = y**2 + 10*y - 14. Determine t(-12).
10
Let b(o) = -o**3 + 11*o**2 + 8*o - 174. Determine b(10).
6
Let r(o) = 4*o**2 - o. What is r(-2)?
18
Let f(z) = -39*z + 18. Determine f(4).
-138
Let f(x) = -x**2 + 6*x - 9. Calculate f(5).
-4
Let z(q) = -12*q**3 - 2*q**2 + 2*q + 3. Determine z(-1).
11
Let o(r) = r**3 + 19*r**2 - 65*r - 901. Determine o(-20).
-1
Let g(t) = 2*t + 31. Determine g(-13).
5
Let d(l) = -l**2 - 8*l + 10. Give d(3).
-23
Let s(y) = -y**3 - 7*y**2 + 5*y - 23. Determine s(-8).
1
Let f(z) = 8*z + 20. What is f(-3)?
-4
Let u(t) = -t**3 + 8*t**2 - 10*t + 7. Give u(7).
-14
Let a(g) = -g**3 - 5*g**2 + 2*g + 5. Give a(-6).
29
Let r(z) = z**2 - 14*z - 16. Give r(14).
-16
Let p(f) = -f**3 - 11*f**2 + 14*f + 20. Determine p(-12).
-4
Let d(s) = -s**2 + 5*s - 2. Give d(4).
2
Let p(t) = t. Give p(5).
5
Let h(l) = -l**2 + 8*l - 4. Give h(7).
3
Let q(o) = o**3 - o**2. Determine q(2).
4
Let y(v) = -v**2 + 8*v + 15. Calculate y(7).
22
Let x(d) = d**3 + 29*d**2 + 30*d + 51. Calculate x(-28).
-5
Let d(v) = -2*v**2 + 8*v + 10. Determine d(7).
-32
Let l(r) = -7*r**3 + 377*r**2 + 51*r + 161. What is l(54)?
-1
Let i(g) = 5*g - 171. Calculate i(35).
4
Let z(m) = m**2 + 2*m + 3. Give z(-1).
2
Let b(u) = u**2 - 17*u + 5. What is b(17)?
5
Let y(u) = u**3 - 7*u**2 - 4*u + 23. Determine y(7).
-5
Let v(s) = -s**3 - s**2 - 1. Determine v(-2).
3
Let l(i) = -11*i + 54. Calculate l(-2).
76
Let r(n) = -n**2 + 13. Calculate r(3).
4
Let k(x) = x**3 + 9*x**2 + x - 9. What is k(-9)?
-18
Let v(u) = -u**2 + 67*u + 360. Give v(-5).
0
Let t(u) = -14*u**2 - 4*u - 4. Determine t(-1).
-14
Let a(q) = q**2 - 15*q - 3. What is a(15)?
-3
Let i(w) = -2*w**3 - 19*w**2 + 11*w. Calculate i(-10).
-10
Let w(i) = 22*i - 315. Calculate w(14).
-7
Let o(b) = 11*b**2 - 80*b + 23. What is o(7)?
2
Let w(n) = 2*n**2 + 25*n + 51. What is w(-10)?
1
Let b(a) = -a**2 + 15*a - 60. Give b(9).
-6
Let v(t) = -t**2 - 57*t + 179. What is v(-60)?
-1
Let f(x) = -3*x + 49. Determine f(14).
7
Let j(t) = -10*t - 2. Determine j(-1).
8
Let c(h) = 39*h**2 + 2*h - 12. Give c(2).
148
Let p(w) = w**3 - 3*w**2 + w + 1. Calculate p(3).
4
Let q(l) = -l**3 - 8*l**2 + 3*l + 26. Give q(-8).
2
Le